ed by 242.
215
What is the remainder when 356 is divided by 64?
36
What is the remainder when 597 is divided by 15?
12
What is the remainder when 375 is divided by 30?
15
Calculate the remainder when 445 is divided by 28.
25
What is the remainder when 237 is divided by 118?
1
Calculate the remainder when 131 is divided by 37.
20
Calculate the remainder when 197 is divided by 8.
5
What is the remainder when 110 is divided by 78?
32
What is the remainder when 114 is divided by 13?
10
Calculate the remainder when 1195 is divided by 388.
31
What is the remainder when 895 is divided by 7?
6
Calculate the remainder when 911 is divided by 7.
1
What is the remainder when 2481 is divided by 19?
11
What is the remainder when 1235 is divided by 246?
5
Calculate the remainder when 4798 is divided by 25.
23
Calculate the remainder when 119 is divided by 85.
34
Calculate the remainder when 329 is divided by 30.
29
What is the remainder when 437 is divided by 9?
5
What is the remainder when 18287 is divided by 9?
8
Calculate the remainder when 128 is divided by 12.
8
What is the remainder when 15497 is divided by 123?
122
What is the remainder when 1206 is divided by 22?
18
What is the remainder when 177 is divided by 118?
59
Calculate the remainder when 252 is divided by 99.
54
What is the remainder when 157 is divided by 27?
22
What is the remainder when 347 is divided by 58?
57
What is the remainder when 818 is divided by 26?
12
What is the remainder when 21049 is divided by 78?
67
What is the remainder when 149 is divided by 51?
47
What is the remainder when 1298 is divided by 12?
2
What is the remainder when 68 is divided by 14?
12
What is the remainder when 134 is divided by 49?
36
What is the remainder when 137 is divided by 34?
1
Calculate the remainder when 285 is divided by 16.
13
Calculate the remainder when 2057 is divided by 67.
47
Calculate the remainder when 3268 is divided by 15.
13
Calculate the remainder when 958 is divided by 74.
70
What is the remainder when 423 is divided by 139?
6
Calculate the remainder when 3854 is divided by 19.
16
Calculate the remainder when 388 is divided by 30.
28
Calculate the remainder when 163 is divided by 35.
23
What is the remainder when 137 is divided by 125?
12
Calculate the remainder when 132 is divided by 26.
2
What is the remainder when 107 is divided by 84?
23
What is the remainder when 94 is divided by 20?
14
What is the remainder when 126 is divided by 61?
4
What is the remainder when 1774 is divided by 18?
10
Calculate the remainder when 53866 is divided by 12.
10
Calculate the remainder when 291 is divided by 33.
27
Calculate the remainder when 3416 is divided by 51.
50
Calculate the remainder when 417 is divided by 38.
37
What is the remainder when 59 is divided by 10?
9
Calculate the remainder when 1220 is divided by 18.
14
What is the remainder when 1289 is divided by 347?
248
Calculate the remainder when 352 is divided by 17.
12
What is the remainder when 1524 is divided by 170?
164
What is the remainder when 803 is divided by 28?
19
What is the remainder when 1358 is divided by 152?
142
Calculate the remainder when 4799 is divided by 192.
191
Calculate the remainder when 46 is divided by 28.
18
Calculate the remainder when 116 is divided by 54.
8
What is the remainder when 7421 is divided by 2468?
17
What is the remainder when 294 is divided by 75?
69
Calculate the remainder when 999 is divided by 8.
7
Calculate the remainder when 75 is divided by 55.
20
What is the remainder when 457 is divided by 115?
112
What is the remainder when 1133 is divided by 38?
31
What is the remainder when 362 is divided by 17?
5
Calculate the remainder when 322 is divided by 107.
1
Calculate the remainder when 427 is divided by 27.
22
Calculate the remainder when 325 is divided by 121.
83
Calculate the remainder when 66 is divided by 10.
6
What is the remainder when 603 is divided by 162?
117
What is the remainder when 129 is divided by 119?
10
What is the remainder when 458 is divided by 29?
23
Calculate the remainder when 460 is divided by 66.
64
Calculate the remainder when 44 is divided by 34.
10
What is the remainder when 465 is divided by 36?
33
Calculate the remainder when 20 is divided by 12.
8
What is the remainder when 7143 is divided by 8?
7
What is the remainder when 660 is divided by 22?
0
What is the remainder when 30 is divided by 19?
11
Calculate the remainder when 616 is divided by 104.
96
Calculate the remainder when 1641 is divided by 165.
156
What is the remainder when 3535 is divided by 9?
7
Calculate the remainder when 82 is divided by 15.
7
What is the remainder when 342 is divided by 119?
104
Calculate the remainder when 20 is divided by 14.
6
Calculate the remainder when 179 is divided by 62.
55
Calculate the remainder when 119 is divided by 54.
11
What is the remainder when 392 is divided by 10?
2
Calculate the remainder when 344 is divided by 56.
8
What is the remainder when 94 is divided by 59?
35
Calculate the remainder when 251 is divided by 41.
5
Calculate the remainder when 690 is divided by 24.
18
Calculate the remainder when 169 is divided by 15.
4
What is the remainder when 877 is divided by 22?
19
Calculate the remainder when 658 is divided by 202.
52
Calculate the remainder when 190 is divided by 25.
15
Calculate the remainder when 287 is divided by 18.
17
Calculate the remainder when 16 is divided by 11.
5
Calculate the remainder when 321 is divided by 89.
54
Calculate the remainder when 7449 is divided by 25.
24
Calculate the remainder when 9377 is divided by 70.
67
What is the remainder when 18 is divided by 5?
3
Calculate the remainder when 2964 is divided by 739.
8
Calculate the remainder when 303 is divided by 61.
59
What is the remainder when 6502 is divided by 20?
2
Calculate the remainder when 1046 is divided by 1042.
4
What is the remainder when 793 is divided by 159?
157
Calculate the remainder when 323 is divided by 42.
29
Calculate the remainder when 115 is divided by 61.
54
What is the remainder when 642 is divided by 64?
2
What is the remainder when 678 is divided by 17?
15
What is the remainder when 397 is divided by 12?
1
What is the remainder when 60 is divided by 22?
16
Calculate the remainder when 759 is divided by 252.
3
What is the remainder when 4535 is divided by 24?
23
Calculate the remainder when 32 is divided by 17.
15
What is the remainder when 9985 is divided by 25?
10
Calculate the remainder when 1642 is divided by 72.
58
Calculate the remainder when 10999 is divided by 12.
7
What is the remainder when 210 is divided by 54?
48
What is the remainder when 349 is divided by 13?
11
Calculate the remainder when 5391 is divided by 28.
15
What is the remainder when 14 is divided by 5?
4
What is the remainder when 227 is divided by 46?
43
What is the remainder when 1618 is divided by 4?
2
What is the remainder when 2177 is divided by 121?
120
What is the remainder when 16 is divided by 3?
1
What is the remainder when 26 is divided by 4?
2
Calculate the remainder when 368 is divided by 38.
26
What is the remainder when 332 is divided by 112?
108
Calculate the remainder when 2535 is divided by 121.
115
Calculate the remainder when 453 is divided by 35.
33
What is the remainder when 79 is divided by 25?
4
Calculate the remainder when 165 is divided by 25.
15
What is the remainder when 138 is divided by 55?
28
Calculate the remainder when 1249 is divided by 624.
1
What is the remainder when 2276 is divided by 53?
50
What is the remainder when 189 is divided by 10?
9
Calculate the remainder when 2671 is divided by 2654.
17
Calculate the remainder when 1481 is divided by 53.
50
Calculate the remainder when 250 is divided by 97.
56
Calculate the remainder when 475 is divided by 15.
10
Calculate the remainder when 39 is divided by 25.
14
Calculate the remainder when 1904 is divided by 212.
208
Calculate the remainder when 1263 is divided by 37.
5
What is the remainder when 1381 is divided by 139?
130
What is the remainder when 676 is divided by 90?
46
What is the remainder when 146 is divided by 25?
21
What is the remainder when 317 is divided by 5?
2
Calculate the remainder when 208 is divided by 64.
16
Calculate the remainder when 158 is divided by 52.
2
